+ 7723. What is the remainder when n is divided by (29/(-2))/((-1)/2)?
7
Suppose 2*g - 4*y - 168 = 0, 5*y - 149 - 81 = -3*g. Suppose -c = -4*u + c + g, -3*c = 0. What is the remainder when 31 is divided by u?
11
Let b be (-1)/5 + 1272/60. Calculate the remainder when 132 is divided by 6 - -3 - 14 - -2*b.
21
Let y = -23 - -23. Suppose 0 = -2*n + 3*l - 7 - 0, 0 = -2*n - 2*l + 18. Suppose y = -2*x + n*x - 56. What is the remainder when x is divided by 10?
8
Suppose 0 = -8*i + 4*i + 8. Suppose 3*l - 3*n = -0*l + 162, -5*n = i*l - 122. Suppose 191 = 9*w + l. What is the remainder when 23 is divided by w?
8
Let d = 2841 + -2526. Calculate the remainder when d is divided by 18.
9
Let d(r) = 12*r**2 + 16*r - 95. Let p be d(5). Suppose 0 = -5*a + 5*s + p, 4*s + 16 = 8. Calculate the remainder when a is divided by 39.
16
Let l = 141 - 267. Let q = l - -222. What is the remainder when q is divided by 11?
8
Suppose -12*k + 334 = -758. Calculate the remainder when k is divided by 75.
16
Let y = 85 - 59. Suppose 67*v - 69*v = -y. What is the remainder when 56 is divided by v?
4
Suppose -204 = -179*l + 175*l - 5*y, l = -5*y + 21. Suppose -3*i = -2*t, -2*t + 4*t = -2*i + 20. What is the remainder when l is divided by t?
1
Suppose -16*v + b + 3 = -15*v, -3*v + 5*b - 1 = 0. Let o(d) = 4*d + 32. What is the remainder when o(v) is divided by 27?
10
Suppose g - 3*r = 1, -319*g + 322*g + 2*r = 58. What is the remainder when 7929 is divided by g?
9
Suppose 869*m = 865*m + 48. What is the remainder when 309 is divided by m?
9
Suppose 0 = 15*b + 848 + 1372. Let f = 152 + b. What is the remainder when 55 is divided by f?
3
Suppose -15 = p - w - 47, -3*p - 5*w = -56. What is the remainder when (-8)/6*(-3339)/106 is divided by p?
15
What is the remainder when 1702 is divided by (-19 - 216/(-12))*-101?
86
Let o = -651 - -652. Let a be (9/6)/((-2)/(-36)). Let u = a - o. What is the remainder when u is divided by 5?
1
Suppose 10*v - 15*v + 56 = 6*x, 2*v + 3*x - 17 = 0. What is the remainder when 2770 is divided by v?
20
Let n(x) = -51*x + 547. What is the remainder when 4365 is divided by n(10)?
36
Let i(v) = -v**2 + 2*v - 3. Let u be i(0). Let d be 2/(-12)*u*26. Suppose 0 = -d*x + 3*x + 630. What is the remainder when x is divided by 17?
12
Suppose 4*i = 4*p + 17 + 3, 5*i = -p + 43. Suppose -5*f - 44 = -4*s, 0 = -i*s + 6*s - 4*f + 48. What is the remainder when 53 is divided by s?
5
Suppose 114*i = 112*i - 812 + 2320. What is the remainder when i is divided by 28?
26
Suppose -35*h = -38*h + 18. What is the remainder when 243 is divided by ((-12 - -4) + 6)/(h/(-243))?
0
Let t be (-1 - -6)/5 + -41. Let i(b) = -b**3 + 23*b**2 - 22*b + 11. What is the remainder when i(22) is divided by (-4)/t*4*20?
3
Suppose 0 = -5*h + s + 122, h - s - 26 = -0*s. Calculate the remainder when -2 + 123 + (-8)/2 is divided by h.
21
Suppose v + 4*b - 26 = 0, -2*b + 22 = -3*v + 44. Let s(d) = -5*d - 6. Calculate the remainder when s(-6) is divided by v.
4
Let y(x) = 6*x + 101. Let p be y(-13). Suppose -p*t + 65 = -18*t. Calculate the remainder when 362 is divided by t.
11
Let s be ((-26)/52)/(2/(-2108)). Let v be s/5 + ((-84)/35)/6. Suppose 21 = -6*j + v. Calculate the remainder when 41 is divided by j.
13
Suppose 169 - 177 = -2*i. Suppose -h + 107 = 5*l - 71, 2*h - 140 = -i*l. What is the remainder when 177 is divided by l?
33
Suppose -10485 = -4*f + 2710 + 1281. Calculate the remainder when f is divided by 151.
146
Let q = -2307 + 2674. What is the remainder when q is divided by 89?
11
Suppose 0 = -b + 1, -l + 251 = 3*l - 5*b. Calculate the remainder when 162 is divided by l.
34
Calculate the remainder when (1*122)/(138 + -136) is divided by (-1)/(224/76 - 3).
4
Suppose -2*d + 10 = -d. Let o = 21 - d. What is the remainder when 184 is divided by o + (-10)/(-5) - -4?
14
Suppose -5*y + 230 = -5*s, -4*y + 126 + 33 = s. Suppose -18*t + 10137 = 13*t. Calculate the remainder when t is divided by y.
40
Suppose -22 = -5*m + 3*n, -3*m - 5*n + 9 = -11. Suppose 2*f + k - 160 = -3*k, 0 = -5*f + m*k + 400. What is the remainder when f is divided by 33?
14
Let g(p) = -4*p**2 - 86*p - 146. What is the remainder when 30843 is divided by g(-18)?
103
Let v = -3 - -5. Suppose -3*g + v*o + 57 = -46, -95 = -3*g - 2*o. What is the remainder when (-144)/((-32)/(-2)) + 172 is divided by g?
31
Let y be (13/4)/(7/28). Let q = y + 15. What is the remainder when 45 is divided by 2 - 3/((-6)/q)?
13
Let z(j) = j**3 + 7*j**2 - 13*j - 102. Calculate the remainder when 673 is divided by z(-5).
10
Calculate the remainder when (-2676)/(-5) - (-13 - (-594)/45) is divided by 262.
11
Let y(z) = 4*z - 8. Suppose 12 = -35*w + 29*w. Calculate the remainder when 1*(-1)/w + 3503/62 is divided by y(7).
17
What is the remainder when 127 is divided by 3393/72 - (-8 + 520/64)?
33
Suppose 53 = 2*h - 335. Suppose -5*m - 3*f + 89 = 0, 3*m + 138*f - 45 = 135*f. What is the remainder when h is divided by m?
18
Let u(z) = 8*z - 13. Let g(x) = -8*x + 13. Let l(y) = -4*g(y) - 3*u(y). Let m be l(13). Let j = -51 + m. What is the remainder when j is divided by 11?
7
Suppose 0 = 2*n - 4 - 0, -2*n - 416 = -5*t. Let x = t + -45. Let i = 101 - x. What is the remainder when i is divided by 17?
11
Suppose -8522 = -2*m + 185*j - 180*j, -j = -2*m + 8498. Calculate the remainder when m is divided by 28.
18
Suppose 5*r = 5*b + 35, 4*r - 24 = b + b. What is the remainder when 222 is divided by (-8)/r*800/(-40)?
30
Suppose 18*i + 232 = 1762. Calculate the remainder when 165 is divided by i.
80
Suppose -474 = -88*l - 34. Calculate the remainder when ((-22)/1)/(52/12 + -5) is divided by l.
3
Let i = -149 - -358. Let u = -195 + i. What is the remainder when 265 is divided by u?
13
Let p = 5361 - 5303. What is the remainder when 90 is divided by p?
32
Let q be (5 + -3)*49/14. Let g be ((4 - (-3 + q))/1)/1. Calculate the remainder when 9 is divided by 9/3 - (g + -1 - -2).
1
Let s(z) be the second derivative of z**4/4 + 5*z**3/6 - 3*z**2/2 - 2*z. What is the remainder when s(-5) is divided by 112 + -104 - (-2 - -3)*-2?
7
Suppose 2*c + 2*c = -4*j + 180, 4*c - 5*j = 135. Suppose 2*z - 4*n - 56 = c, 0 = -z + 5*n + 36. Calculate the remainder when z is divided by 22.
12
Suppose 3*p = 3*h + 183, -h - 186 = -4*p + 73. What is the remainder when p is divided by 22?
0
Let m(i) = 28*i**2 - 105*i - 9. What is the remainder when 73 is divided by m(4)?
16
Suppose 4*y - n + 14 = -38, -2*y + 2*n - 20 = 0. Let s be (-558)/y + (-9)/(-63). Let g = s - 14. What is the remainder when 76 is divided by g?
24
Let d be -1 - (70 - -5 - -4). Let g(m) = m**2 - 5*m + 6. What is the remainder when (-96)/d*(-550)/(-4) is divided by g(9)?
39
Let q = -241 - -164. Let b = q - -187. What is the remainder when 20 is divided by b/10*(-1)/(-1)?
9
Let f(i) = -i**2 + 101. Suppose -4*q - 4*b = 0, 2*q = 4*b - 0*b. Calculate the remainder when f(q) is divided by 17.
16
Let x(t) = -8*t + 1. Suppose 27*f = 26*f + 11. Suppose 13*o - m - 144 = f*o, m = -4*o + 300. What is the remainder when o is divided by x(-3)?
24
Suppose -90 + 36 = -9*b, 20*p + b + 58 = 24*p. What is the remainder when 18/3*(-426)/(-4) is divided by p?
15
Let o(c) = 69*c - 4966. Calculate the remainder when 1218 is divided by o(73).
11
Let f(k) = 158*k**2 - 618*k + 1231. Calculate the remainder when f(2) is divided by 612.
15
Suppose 6451 + 7912 = 53*h. Calculate the remainder when h is divided by 136.
135
Let t be (-2 - 1)*14*1/2. Let x(l) = -8*l - 135. Calculate the remainder when x(t) is divided by 11.
0
Let u(h) be the first derivative of h**4/4 - 34*h**3/3 + 69*h**2/2 - 48*h - 15. What is the remainder when u(32) is divided by 103?
9
Let u(y) = -2*y**2 + 3. Let i(j) = -j**2 - 7*j + 8. Let b be i(-8). Suppose 4*h - 88 = -4*h. What is the remainder when h is divided by u(b)?
2
What is the remainder when 3444 is divided by 4*1 + 206 + -201?
6
Let m(q) = 90*q - 9. Let k be m(2). Let n = k + -162. Let x(t) = t**2 + t + 3. Calculate the remainder when x(-4) is divided by n.
6
Suppose 130*x - 170391 + 14206 = 53375. What is the remainder when x is divided by 19?
16
Let a = 273 - 255. Suppose 24*b - 402 = a*b. Calculate the remainder when b is divided by 37.
30
Suppose 348 + 53 = r - 261. Calculate the remainder when r is divided by 58.
24
Su